 - -50 - (27 + 0))?
21
Evaluate (9 - -31 - 19) + -6.
15
Calculate -66 + 67 - ((-1 - -5) + 1 - 7).
3
(37 - 107) + 40 + 25
-5
44 + (-5 - 6 - 25)
8
What is the value of -266 + 237 - (-2 + -19)?
-8
What is the value of 11 - (19 + -10 + -13) - -7?
22
Evaluate -1 + 6 + (-6 - 8) + 2 + 0.
-7
-2 - ((-1 - 6) + 18 + -10 + 1)
-4
(-6 - (-7 + 6 - 1)) + -5 - -29
20
Evaluate (-7 - (-2 + (15 - 26))) + (-14 - 1).
-9
(-20 - -8 - -16) + (-5 - 2) + -3
-6
What is 2 + 2 + (-5 - (-5 - -1)) - 5?
-2
What is -17 + (-2 + 19 - 24)?
-24
Evaluate 4 + 0 - -1 - (-304 + 316).
-7
(13 - 27) + 0 + 22
8
Evaluate -20 + -23 + 6 + 25.
-12
Evaluate (-1 - 14 - (-33 + 27)) + 18.
9
-4 - (-22 - (-14 + -16))
-12
What is -20 - (14 - -6 - 52)?
12
Calculate 17 + (4 - 1) + (-8 - (1 - 4)).
15
(-27 + 21 - (0 + -1)) + 1 - -2
-2
Calculate 29 + (18 + 17 - 33).
31
What is the value of 16 + (-9 + 4 - -21) - -3?
35
Evaluate (1625 - 1637) + (1 - 0) + 20.
9
(-31 - -34) + 28 + -7
24
Calculate 82 + -72 - (-1 + 10 + -1).
2
Calculate -3 - ((-18 - -21) + -4 + (-1 - -2)).
-3
Calculate 15 - (6 - -23) - -26.
12
Calculate (2 - (-3 - -6) - -22) + 7 + -7.
21
Calculate 5 + 0 + 4 + -5 + (-1 - -6).
9
2 - (-12 + 6 + -3 - 3)
14
Calculate -37 + (-5 + 1 - (-58 - -37) - 8).
-28
-17 + -3 + (17 - (12 + -4))
-11
What is -1 - (34 + 7 + -34)?
-8
Evaluate (47 - 38) + (-1 - 7) + 13.
14
Calculate -1453 + 1467 + (1 - -6).
21
What is the value of -13 - (20 - 35) - -28?
30
-42 + (40 - (69 + -42))
-29
(-1 - -8) + (-4 - -3 - -10)
16
What is 210 + -193 - (-1 + 29)?
-11
Evaluate -1 + -9 + (-6 - -5) - (2 + -3).
-10
8 - (11 - ((3 - 10) + 9 - 12))
-13
Calculate ((27 - 9) + 2 - 10) + -2 + -4.
4
Evaluate -5 + 13 + (1 - 1) + 3.
11
What is the value of (141 - 121) + -6 + 1 + -1?
14
What is the value of 149 - 154 - (-2 + -8)?
5
Calculate 13 - ((47 - 33) + -12).
11
Evaluate (2 - -3) + -3 + (11 + -71 - -36).
-22
Calculate -23 + (7 - (9 - (-11 - (7 + -10)))).
-33
Evaluate 6 - ((6 - 2) + (-11 - -5)) - 5.
3
What is the value of 0 + (-3 - 0) - (-16 - (2 + -9))?
6
What is the value of 0 + 4 + (-10 - 4 - 8 - -5)?
-13
What is -4 - ((9 - 3) + -12)?
2
Calculate -13 + -18 + (24 - (15 - 7)).
-15
Evaluate -6 + (-2 - (3 + -11 + 4)) + 5.
1
What is the value of 12 + (19 - 7 - 18)?
6
What is (-8 - 1) + 19 + (-53 - -44)?
1
-13 - (-11 + -3 + 8)
-7
What is the value of (0 - (7 - -1)) + -2 + 7?
-3
Calculate -23 - -75 - 18 - 71.
-37
Calculate 27 - (-8 + 1 + 12) - (-1 + -2).
25
What is (3 - -36) + 5 - (17 - 1 - 5)?
33
Calculate -25 - (2 + -3) - (-47 - -38).
-15
(-51 - -33) + 20 + -6
-4
What is the value of (15 - 15 - -3) + -10?
-7
(0 - 7) + 16 + (-12 - -1)
-2
What is 0 + -1 + -5 + 33 + (-13 - 9)?
5
Calculate 3 - -1 - (-6 + -19 + 28).
1
Calculate -2 - -2 - 21 - (178 - 187).
-12
What is the value of -2 + (1 - -2 - 3) - (-29 + 20)?
7
What is (3 - -2) + (1 + (19 - 9) - -4)?
20
Evaluate -23 - 2 - (-320 + 263).
32
What is the value of -22 - -21 - (3 + 0 + 3)?
-7
Evaluate 19 + -7 - 4 - 5.
3
What is (1 - -5) + 2 + 14 + -63 + 55?
14
Calculate 15 - (-8 - (-15 + -15)).
-7
Evaluate 13 + (7 - 33) - 11.
-24
Evaluate -3 - (-9 - (1 - 6)).
1
Calculate 15 - (8 - -3) - (2 - 1 - -2).
1
Evaluate 5 - ((29 - 30) + -4).
10
-44 + (60 - (28 + -1))
-11
2 + -2 - (8 - (27 + -7 + 6))
18
-21 + 49 + -20 - (23 + -1)
-14
Evaluate 0 - -30 - (520 - 514).
24
What is the value of 5 + (5 - (-8 + 0 + 2 - -14))?
2
9 + 0 + 49 + 66 + -117
7
Calculate 2 + -8 - ((4 - 11) + 16 + -4).
-11
What is the value of -12 + 36 + (-4 + -1 - 2)?
17
Evaluate (3 - (1 - -1)) + 1 + (500 - 503).
-1
Evaluate 35 + 20 + -42 + -3.
10
-8 - (6 + 11 + -17)
-8
Calculate -2 + (-7 - -13 - -3) - 8.
-1
(1 - (3 - -8)) + (158 - 146)
2
Evaluate -2 + 1 + 1 - (-5362 + 5377).
-15
Evaluate (301 - 309) + (-1 - 25).
-34
Calculate (-545 - -569) + 0 + -2.
22
(-8 - -29 - 11) + -1 + -31
-22
-6 + (3 - 18 - -19)
-2
Calculate 26 + 63 + -29 + -58.
2
Evaluate 66 - 58 - (3 - (-8 - -2)).
-1
What is 3 + -22 + (-6 - -2) + -58 + 63?
-18
Calculate (11 - 1) + (-530 - -508).
-12
Evaluate 0 + 20 - (39 + -16).
-3
What is (-1 - (6 + 5)) + 4 - (-3 - -3)?
-8
Evaluate -5 - (40 + -22 + (0 - 9)).
-14
54 + -12 + -22 - 11
9
9 - (9 + 20) - -27
7
(-12 - (15 + -35)) + -10
-2
Calculate -13 + (15 - 0) + (-13 - 4).
-15
Calculate -3 - (-2 + 12 + -4 + (-3 - -5)).
-11
-5 - (2 + (-10 - -10 - 7))
0
Calculate (2 - 1 - -1) + (16 - (2 + -3)).
19
Calculate (28 - 26) + (-25 - -2).
-21
Evaluate -30 - ((-9 - -17) + -30 + 9).
-17
20 + -1 + 2 + -18 + 26 + -14
15
Evaluate -1 - -6 - (15 + (-31 - -14)).
7
Calculate 25 + -25 + (-17 - 1).
-18
Calculate 9 + (-12 - (7 - 8 - -10)).
-12
Evaluate 3 - (31 - (5 + 15)).
-8
What is -9 + -20 + -5 + 18?
-16
What is -7 + (-7 - 11 - -13) + (39 - 3)?
24
What is 3 + (-17 - (-11 + 5 + -3))?
-5
What is the value of -7 + -3 + (11 - (-1 - -7))?
-5
Evaluate 10 - -1 - (1951 - 1962).
22
Calculate 5 + 15 - (23 + -10).
7
Evaluate 11 + (8 - -6 - 10).
15
Calculate (7 + 1 - (-3 + -3)) + (-11 - -13).
16
What is the value of -53 - (13 + (-44 - -1))?
-23
Evaluate -13 + -24 + 34 - -18.
15
What is the value of 57 - 46 - (-8 + 2)?
17
What is the value of -23 - (9 - (12 - -25))?
5
What is (88 - 85) + 4 + -2?
5
38 + 1 + 2 + (64 - 68 - -1)
38
Evaluate 7 - (-2 - -11 - -9).
-11
Calculate 40 + -38 - (9 - (0 - 1)).
-8
Evaluate (-57 + 28 - 16) + 17 + -4.
-32
What is the value of (2 + 3 - -2) + (22 - (15 - -6))?
8
Calculate -25 - (-24 + 2 - -25).
-28
What is 28 + -23 + -25 + 19?
-1
What is the value of -25 + 3 - (78 + -112)?
12
Evaluate 12 - 4 - 2 - 10.
-4
Evaluate -26 + -8 + (-26 - -76).
16
Evaluate (-1 - 5) + (19 - (-6 + -3 + 8)).
14
What is 1711 - 1709 - (5 + -2 + 1)?
-2
Evaluate (2 - 0) + -5 - (-4 - -14).
-13
What is -7 + 2 + -12 + -1 + 12?
-6
0 + 7 - 7 - 2 - (-1 + 5)
-6
Calculate (117 - 110) + -12 + 2.
-3
8 - (5 + -1 - ((3 - -4) + -28))
-17
Calculate 35 - (31 - (33 - 2)).
35
Evaluate 5 - (39 + -7 + -1).
-26
What is -2 - (-14 + 16 - 17)?
13
What is the value of -6 + (8 - ((-6 - -8) + 3)) + -4?
-7
What is the value of (3 - (-4 - (-5 + -4))) + 8 + 6?
12
What is the value of (-10 - -3) + -8 + (14 - -9) + -2?
6
What is -15 + (40 + 2 + 9 - 10)?
26
What is the value of -3 - 3 - (-3 - 6) - 10?
-7
What is 7 + (3 - 13) - -1?
-2
What is -10 - (15 + -19 + 2)?
-8
19 + (-8 + 7 + 27 - 9 - 10)
26
What is the value of 1 - (5 + 1 + (-11 + 4 - -3))?
-1
What is the value of 11 + -7 + -12 + 3?
-5
Calculate (-3 - 2) + -1 + -10.
-16
13 + 13 + 14 + -55
-15
6 + 25 + -2 + 2 + -10
21
Calculate -19 + 5 + 13 - ((-6 - -2) + 13).
-10
What is -7 - -12 - ((0 - -6) + -6) - -13?
18
Calculate (-22 - 13 - -6) + 17.
-12
What is the value of (2 - ((-8 - -11) + 9) - 5) + 1?
-14
8 - (-10 - (-7 - (7 + -6)))
10
Calculate -2109 + 2108 - (4 - -1).
-6
(0 - -1) + 5 + (-643 - -610)
-27
What is the value of (7 - (-15 + 25)) + -8?
-11
Evaluate 8 - (25 + -26) - (0 + -14 + 2).
21
What is (24 - -3) + (-94 - -86) + 12?
31
What is 36 + -40 + (18 - 12) + (1 - -19)?
22
-4 + ((1 - -18) + -3 - 6)
6
(-9 + 9 - (4 - 1 - 5)) + 9
11
Calculate -1 + (39 - 0) + 2 + -5 + -11.
24
9 + -13 + (-18 + 8 - -23)
9
(-1 - (5 + -11 + 10 + -1)) + -8
-12
What is 449 + -456 - (0 - (-1 - (-19 - 0)))?
11
-8 + -1 + -297 + 311 + -5
0
4 + -6 + (0 + -1 - (18 + -18))
-3
(1 - 0) + (-14 - (-8 - (1 - 11)))
-15
Evaluate 123 + -131 + (18 - -2) + 9.
21
Evaluate 6 - (4 + -7 + -10 + 4).
15
What is the value of 9 - -4 - (-5 - 3)?
21
What is 33 + (30 - 52) + 13?
24
(14 - 36) + 19 - (-2 + 0)
-1
Calculate -37 - (-42 + 4 - 28).
29
-3 + 6 - (-8 - -14) - (-14 + -1)
12
Calculate -1 - (-6 + 4 + 10 + -9).
0
Evaluate (3 - (4 - -6)) + -4 - (8 - 23).
4
What is the value of (-7 - (-2 + -2)) + -7?
-10
Evaluate 0 + 1 - (-12 + (14 - -4)) - 13.
-18
-8 + 12 + (7 - (1 - 3)) + -2
11
Calculate 10 + -8 + -2 + -13.
-13
What is (-4 + 0 + 5 - (2 + -3)) + 3?
5
What is -2 - (-7 + 17 + 5 + -15)?
-2
Calculate 11 - 15 - (-8 - -3).
1
Evaluate -8 - (-11 - (2 - 2)).
3
Evaluate 21 + -35 + (-1 - (3 + 1)).
-19
What is the value of 0 + -2 + -1 - (-80 - -88) - -3?
-8
What is 1 - 20 - -14 - -9?
4
What is 3 + -6 - -8 - (59 - 61)?
7
What is the value of -1 + (-4 - -2) - (214 - 226)?
9
Evaluate -6 - (-9 - (-1 + (4 - 5 - 16))).
-15
What is the value of 34 + -40 + 0 + 18?
12
Evaluate 33 - (19 - (27 + -33)).
8
What is the value of -4 - 3 - (-24 - -22)?
-5
What is (13 - 4) + -4 + -17 + 0?
-12
What is the value of 66 + 30 + 